 of 47744 and 146962?
746
What is the highest common divisor of 1006144 and 1896?
632
Calculate the greatest common divisor of 420259 and 91.
7
Calculate the highest common divisor of 1008 and 2750832.
1008
Calculate the greatest common factor of 275405 and 669.
223
Calculate the greatest common divisor of 21230 and 440.
110
What is the highest common factor of 635814 and 90?
18
What is the greatest common factor of 4170 and 210?
30
Calculate the greatest common divisor of 267 and 5845965.
267
What is the highest common factor of 3128 and 43608?
184
What is the highest common divisor of 58412 and 68?
68
Calculate the greatest common divisor of 2745855 and 1610.
805
What is the greatest common factor of 9 and 10844?
1
What is the greatest common divisor of 138 and 384238?
46
Calculate the highest common factor of 899935 and 95.
95
What is the highest common factor of 8836 and 8084?
188
Calculate the highest common divisor of 4043520 and 130.
130
Calculate the greatest common divisor of 779 and 602167.
779
What is the greatest common divisor of 1045 and 5665?
55
What is the highest common factor of 116 and 983767?
29
What is the highest common factor of 1381636 and 356?
356
Calculate the highest common divisor of 18704 and 126.
14
What is the highest common factor of 3472 and 136?
8
Calculate the greatest common divisor of 1288 and 736414.
322
Calculate the highest common factor of 511 and 17739.
73
Calculate the greatest common factor of 88 and 188144.
88
Calculate the highest common factor of 51454 and 52.
26
What is the highest common divisor of 540 and 105375?
15
Calculate the highest common factor of 57 and 43750.
1
What is the highest common divisor of 1217163 and 2598?
1299
Calculate the highest common factor of 18 and 302.
2
Calculate the highest common divisor of 668 and 316.
4
Calculate the highest common factor of 37344 and 444.
12
What is the greatest common divisor of 15980 and 1360?
340
What is the greatest common factor of 29 and 5298619?
29
What is the highest common factor of 77467 and 65?
13
What is the highest common factor of 54292 and 77?
7
What is the highest common factor of 31834 and 154?
22
What is the highest common divisor of 27907 and 4257?
473
What is the greatest common divisor of 8430 and 600?
30
What is the greatest common divisor of 16508 and 4?
4
Calculate the greatest common divisor of 1978 and 16721.
23
What is the greatest common factor of 10113 and 24?
3
Calculate the greatest common divisor of 24254 and 737.
67
Calculate the greatest common divisor of 18896 and 736.
16
What is the highest common factor of 10422 and 108?
54
Calculate the highest common divisor of 9 and 204507.
9
What is the highest common divisor of 162948 and 11100?
444
What is the greatest common divisor of 11672 and 12?
4
Calculate the greatest common divisor of 477851 and 33.
11
What is the greatest common factor of 93672 and 135?
9
What is the greatest common factor of 639758 and 56?
14
Calculate the highest common divisor of 14637 and 595.
119
Calculate the highest common factor of 3625 and 91125.
125
What is the highest common divisor of 15 and 206330?
5
Calculate the highest common divisor of 53 and 128101.
53
Calculate the highest common divisor of 208 and 157911.
13
What is the highest common divisor of 3 and 378628?
1
Calculate the highest common divisor of 114000 and 32250.
750
What is the highest common divisor of 219432 and 16?
8
Calculate the highest common factor of 1525 and 1433.
1
Calculate the greatest common factor of 70 and 30860.
10
Calculate the greatest common divisor of 4824 and 104.
8
Calculate the highest common factor of 1441 and 66024.
131
What is the highest common factor of 230 and 345?
115
What is the greatest common factor of 15863 and 4901?
29
What is the greatest common divisor of 14 and 28973?
7
Calculate the greatest common factor of 812448 and 13.
13
What is the highest common factor of 2852 and 6072?
92
What is the highest common divisor of 12177 and 27?
27
Calculate the highest common factor of 16 and 64364.
4
What is the greatest common divisor of 477 and 17571249?
477
Calculate the greatest common factor of 30640 and 15.
5
Calculate the greatest common factor of 106 and 173416.
106
Calculate the greatest common factor of 75 and 1521.
3
What is the greatest common factor of 334061 and 182?
91
What is the highest common divisor of 192 and 248?
8
What is the highest common factor of 39219 and 219?
3
Calculate the greatest common divisor of 11914 and 23023.
161
Calculate the highest common factor of 4 and 5741.
1
What is the highest common factor of 5902 and 1274?
26
What is the greatest common divisor of 234 and 3627?
117
Calculate the greatest common factor of 73 and 351641.
73
Calculate the highest common divisor of 25721 and 5696.
89
What is the highest common factor of 533 and 31406?
41
What is the greatest common divisor of 469752 and 12?
12
Calculate the greatest common divisor of 152803 and 56.
7
What is the greatest common factor of 922 and 6?
2
Calculate the highest common factor of 550 and 737.
11
What is the highest common divisor of 5170 and 1210?
110
Calculate the highest common factor of 464184 and 1535.
307
Calculate the greatest common divisor of 15 and 239.
1
Calculate the highest common factor of 4436838 and 322.
322
Calculate the highest common factor of 7905 and 267716.
527
What is the highest common factor of 8 and 8422?
2
Calculate the greatest common factor of 1145 and 60.
5
Calculate the highest common factor of 895 and 358.
179
Calculate the greatest common factor of 106507 and 365.
73
What is the greatest common divisor of 2669 and 323?
17
What is the greatest common divisor of 4186 and 180180?
182
What is the highest common divisor of 1212 and 372?
12
Calculate the highest common divisor of 29977 and 961.
31
What is the highest common factor of 10 and 76490?
10
What is the greatest common divisor of 847 and 20741?
7
What is the highest common divisor of 127204 and 11704?
308
Calculate the greatest common divisor of 156984 and 1240.
248
Calculate the highest common factor of 311 and 391860.
311
Calculate the greatest common factor of 101989 and 79.
79
What is the highest common divisor of 7770 and 1750?
70
Calculate the highest common factor of 2664 and 90465.
111
Calculate the highest common factor of 31613 and 2191.
313
What is the highest common factor of 3 and 9057?
3
What is the greatest common divisor of 1968 and 4223?
41
What is the highest common factor of 150 and 63970?
10
Calculate the greatest common divisor of 24 and 3552.
24
Calculate the highest common divisor of 514156 and 1384.
692
Calculate the greatest common factor of 8554 and 2912.
182
What is the greatest common divisor of 414 and 6462?
18
What is the highest common divisor of 808 and 224?
8
What is the highest common divisor of 1900 and 7880?
20
Calculate the highest common factor of 1389580 and 61.
61
What is the greatest common factor of 40 and 5830?
10
Calculate the highest common factor of 652 and 20375.
163
What is the highest common divisor of 78 and 661778?
26
Calculate the greatest common divisor of 588870 and 24300.
810
What is the greatest common divisor of 987 and 80577?
21
What is the greatest common factor of 15 and 1695675?
15
What is the greatest common factor of 167520 and 349?
349
What is the highest common divisor of 735 and 41013?
147
Calculate the greatest common divisor of 11431 and 6440.
161
Calculate the highest common factor of 225 and 3474.
9
What is the highest common factor of 925 and 6350?
25
Calculate the greatest common factor of 56250 and 60.
30
Calculate the greatest common divisor of 168 and 11522.
14
What is the greatest common divisor of 3013 and 1748?
23
What is the greatest common divisor of 2547 and 36790?
283
Calculate the greatest common factor of 459 and 1152.
9
What is the highest common divisor of 31199 and 7?
7
Calculate the greatest common factor of 4465192 and 8.
8
Calculate the highest common divisor of 280 and 3724.
28
Calculate the greatest common factor of 596 and 110558.
298
Calculate the greatest common factor of 820440 and 3440.
1720
What is the highest common divisor of 3144 and 10611?
393
What is the highest common divisor of 56536 and 1719?
191
W